Let r be (-1)/7 + (-64842)/42. Let a = -933 - r. What are the prime factors of a?
13, 47
Let o be (16 - 13)/(9/(-462)). Let x = o + 561. What are the prime factors of x?
11, 37
Let k be (-4)/(-32)*-6 + 11/4. Suppose k*a = 3*q - 88, 2*q + 145 - 37 = -2*a. Let x = a - -109. What are the prime factors of x?
59
Let d(b) = -4 - 2*b - 2*b**3 + 2 + 3 + 11*b**2 - 15*b**2. Let l be d(-2). Suppose 0*x - 4*x + 29 = z, l*z - 40 = -5*x. What are the prime factors of x?
7
Let z = 12239 - 8896. List the prime factors of z.
3343
Suppose 5*g - 2*f + 808 = 0, 0*g + 3*g - 4*f = -496. Let m = g - -193. List the prime factors of m.
3, 11
Let p(n) = -n**3 + 4*n**2 + 6*n - 4. Let t be p(6). Let v be 3/(2/8 + 18/t). Let h = v - -18. What are the prime factors of h?
3
Let w = 223 - 278. List the prime factors of (1188/w)/(3/(-80)).
2, 3
Let z = -15729 - -23963. List the prime factors of z.
2, 23, 179
Let o(f) = -4*f**3 - 15*f**2 - 79*f - 511. List the prime factors of o(-18).
19379
Suppose -2*l = -4*l - 8, -4*n + 2*l - 9000 = 0. List the prime factors of ((-19)/38)/(2/n).
563
Suppose -3*h = 5*l - 42, 0*l - 2*h = -2*l + 4. Let t be l/14 + 32/7. Let f(u) = -u**2 + 10*u - 3. What are the prime factors of f(t)?
2, 11
Suppose -53*r - 4*q + 175681 = -48*r, -2*q = 2*r - 70274. List the prime factors of r.
3, 7, 239
Suppose -10*a = -15*a - 330. What are the prime factors of (-15301)/a + 2/12?
2, 29
Let j(d) = 193*d**2 - 178*d - 24. List the prime factors of j(-10).
2, 7, 47
Let o(q) = 15*q - 3. Suppose s + 13 = 17. What are the prime factors of o(s)?
3, 19
Let q(t) = -8*t - 73. Let h be q(-9). Let p(o) = -789*o**3 + 2*o + 4. List the prime factors of p(h).
7, 113
Let r be 5/2 + (-16)/32. Suppose r*w = -4*k + 4*w + 4510, 3*k + w = 3390. List the prime factors of k.
1129
Let k(j) = 750*j + 2998. What are the prime factors of k(79)?
2, 31, 251
Let t(a) = -585*a - 56. Let m be t(-3). Let p = m + -995. List the prime factors of p.
2, 11
Suppose a = 5*x + 10, 5*x + 4*a = 12 + 3. Let p be -4 - (-1859 - -3)/x. List the prime factors of (p/(-45))/((-2)/(-3)).
2, 31
Let a be ((-513)/270 - 2/(-5))*-14. Suppose a*g = 18807 - 4296. List the prime factors of g.
691
Let o be -10*((-9)/(-135))/(3/(-18)). Suppose -2*k - 481 = -2*t + t, o*k = 8. List the prime factors of t.
5, 97
Let x be (-1380)/(-14) + (-6)/(-14). Let g be x/18*40/2. Let v = g - -27. List the prime factors of v.
137
Let z be 2 - (-72)/8*4/(-18). Suppose 3*y + 4*u - 395 = 0, z = -2*y - 3*u + 41 + 222. Suppose y = 3*w - w - 5*q, -q = -4*w + 221. List the prime factors of w.
2, 3
Let r be 75/(-30)*36/(-10). Suppose 4*s + o = r*s - 332, -o = 2. Let a = 200 - s. What are the prime factors of a?
2, 67
List the prime factors of 2/(-14 - (-1675440)/119673).
13297
Let i be (-14)/14 - (1 - 5). Suppose 4*t - 3 = 3*y + t, y = -i*t + 15. Suppose 5*w = -15, -y*w + 70 = 2*n - 5*w. What are the prime factors of n?
2
Let b(f) = 3*f**3 + 191*f**2 - 17*f - 5. List the prime factors of b(-61).
2, 5, 7, 11
Let u = 132195 - 79674. List the prime factors of u.
3, 7, 41, 61
Suppose -4*v + h + 28 = 0, 3*v = 4*v - 3*h - 18. Suppose -7*c + v*c + 18 = -2*a, 2*a = -4*c + 102. List the prime factors of 36/c*(1 - -43).
2, 3, 11
Suppose 4*y + 14752 = 3*v, 2*y - 5*y = -6*v + 29529. List the prime factors of v.
2, 1231
Let j = 648 + 136. Let k = -169 + j. What are the prime factors of k?
3, 5, 41
Let r(b) = 7*b**2 - 31*b + 1958. What are the prime factors of r(-31)?
2, 7, 13, 53
Let i = -933 - -1588. Suppose -970 = -5*s + i. What are the prime factors of s?
5, 13
Suppose -4*k + 21 = 5. List the prime factors of (-1139)/(-7) + (150/35 - k).
163
Suppose 0 = -515*a + 520*a - 5930. Let f = a + -161. List the prime factors of f.
5, 41
Let y = -165 - -299. Suppose -4*a = a - 30. Suppose -y = -a*s + 712. What are the prime factors of s?
3, 47
Suppose 4*y = -4*h + 49600, -49*h - 12402 = -y - 48*h. What are the prime factors of y?
12401
Suppose 85662 = 316*q - 310*q. What are the prime factors of q?
3, 4759
Let v = 11404 - 4034. What are the prime factors of v?
2, 5, 11, 67
Let r(c) = c**2 + 7*c. Let l be r(-7). Suppose -22 - 186 = -16*t. List the prime factors of 75 - l - (t - 17).
79
Let b(h) = 9*h**2 - 11*h + 21. Let y(q) = 5*q**2 - 1. Let o(f) = -b(f) + 5*y(f). What are the prime factors of o(4)?
2, 137
Let j(u) = -u + 20. Let d be j(20). Suppose d = -4*s - 50 + 714. Suppose 3*q = 5*i - s, -3*q + q + 28 = i. What are the prime factors of i?
2
Let o(p) = -960*p - 518. What are the prime factors of o(-32)?
2, 15101
Suppose -4*y = -185 - 239. Let x = 383 - y. What are the prime factors of x?
277
Let s be 21*(4/12*13 - 3). Suppose -20 = 4*l - s. Suppose 5*a - 574 = a - l*d, a - 3*d - 147 = 0. List the prime factors of a.
2, 3
Let g be (-1)/5 + 11/((-55)/(-3276)). Suppose -13*u - g = -8*u. Let x = u - -243. List the prime factors of x.
2, 7
Let a = -57 + 59. Let s(f) be the second derivative of 17*f**4/12 + f**3/3 - 3*f**2/2 + 5*f. List the prime factors of s(a).
3, 23
Suppose 6*d = 10*d + 8. Let m be 3/15 - d/(-10). Suppose n + 2*n - 3*a - 216 = m, 3*a = n - 74. List the prime factors of n.
71
Suppose -174*t + 52*t - 53*t = -2115400. List the prime factors of t.
2, 1511
Suppose -636 = 3*f + 3*r, 5*f - 6*r + r + 1090 = 0. Suppose 38*x - 34*x = 2*a - 692, 3*x = 3*a - 1020. Let w = a + f. List the prime factors of w.
7, 17
Let h = 39 - 24. Let n(q) = 10*q + 29*q**3 - 3 - 8 - h*q**3 + 6*q**2 - 15*q**3. What are the prime factors of n(7)?
2, 5
Suppose 20 = 2*j - 10. Suppose j*n - 14*n = 341. Let i = n + -188. List the prime factors of i.
3, 17
Suppose 0 = 4*f + 13*f. Suppose f = -23*j + 6204 + 2858. List the prime factors of j.
2, 197
Let a(u) = 3*u**2 - 15*u - 68. Suppose 9*s = 264 - 390. List the prime factors of a(s).
2, 5, 73
Let u = 1533 + -1604. Suppose 0*k - 3*r + 430 = 5*k, 5*k - 2*r - 405 = 0. Let z = k + u. What are the prime factors of z?
2, 3
Suppose 5*s - 143 = 52. Suppose -s*w + 47*w = 88. List the prime factors of w.
11
Let d = -271 + 460. Suppose -2*u + 107 = -l, -4*u + 0*l + d = 3*l. Suppose -7*r + 313 + u = 0. What are the prime factors of r?
2, 13
Let a be (534/(-10))/(3/(-5)). Suppose 1724 = 90*i - a*i. What are the prime factors of i?
2, 431
Let k(b) = 6694*b**3 + 7*b**2 + 45*b - 112. What are the prime factors of k(2)?
2, 61, 439
Let o = 11512 - 4529. What are the prime factors of o?
6983
Suppose -197*c + 438532 = -442384 - 1851671. List the prime factors of c.
11, 13, 97
Let y(l) = 1549*l - 1635. What are the prime factors of y(6)?
3, 23, 37
Suppose -5*z - 2*u = -4, 2*z + 10 = z - 4*u. Suppose 0 = -z*b + c - 29, 3*c - 9 - 6 = 0. What are the prime factors of ((-584)/b)/(1/3)?
2, 73
Let h(z) = -2*z**3 - 11*z**2 - 8*z - 18. Let k be h(-5). What are the prime factors of (-1360)/(-30) - 5/k?
47
Suppose -3*k = -3*q + 15879, 24 = 526*k - 529*k. What are the prime factors of q?
5, 7, 151
Let i(u) = -9*u - 1. Suppose 4*r + 4*g + 64 = r, -20 = 5*g. Let n = r - -3. List the prime factors of i(n).
2, 29
Let s be -3 + (108/3)/6. Suppose 375 = -l + 5*l - 5*i, 5*i - 290 = -s*l. What are the prime factors of l?
5, 19
Let j = 1788 - 804. Suppose 5*d - j = -2*l, -d = 3*l - 386 - 1064. List the prime factors of l.
2, 241
Let k(f) = -15*f + 167. Let u be k(15). What are the prime factors of (u - -66)/((-2)/(-113))?
2, 113
Let i = 34541 + -18123. List the prime factors of i.
2, 8209
Let a(p) = 4*p**2 + 104*p - 14. What are the prime factors of a(31)?
2, 3527
Let r = -314 - -218. List the prime factors of ((-262)/(-4))/((-16)/r).
3, 131
Suppose 0 = -56*g + 1028897 - 325201. List the prime factors of g.
2, 61, 103
What are the prime factors of (-12746)/((3 - 14) + 9)?
6373
Let t(d) = d. Let w(y) = 203*y + 7. Let n(a) = 6*t(a) + w(a). Let j be n(-3). List the prime factors of j/(-12)*2*(-6)/(-4).
5, 31
Let q(y) = 2*y**2 - 10*y - 293. What are the prime factors of q(87)?
5, 13, 43
Suppose 60*j = 3*u + 55*j - 81283, -3*u + 81291 = 3*j. List the prime factors of u.
2, 3, 1129
Suppose -9*r - 83 = 79. Suppose -2*y - 4*l + 58 = 0, 2*l - 124 = -4*y + 4. What are the prime factors of (-1)/2 + y*(-21)/r?
2, 19
Suppose -5*f - 6*v = -5328, -5*f + 3171 = -2*f - 5*v. What are the prime factors of f?
2, 3, 59
Let c be 2*1/(-1) - (-9 - 63). What are the prime factors of ((-4)/12*c)